e the remainder when 86 is divided by y.
20
Let s(g) = -g**3 - 27*g**2 + 621*g - 66. Calculate the remainder when 625 is divided by s(-42).
1
Let s = 4227 - 4169. What is the remainder when ((-16)/24)/(2/(-858)) is divided by s?
54
Suppose 3*n - 921 = 561. What is the remainder when n is divided by 126?
116
Let n(v) = v**2 - 6*v - 2. Let x be n(7). Suppose 3*l - x = 34. Let u = -24421 - -24461. Calculate the remainder when u is divided by l.
1
Suppose 0 = 79*p - 138*p + 14750. Calculate the remainder when p is divided by 39.
16
Let a be (-1*8)/4*-23 + -2. Suppose a*h = 46*h - 36. What is the remainder when 143 is divided by h?
17
Let a = -15 - -15. Suppose 5*k = -u + 2*k + 23, 2*u = 3*k + 73. Suppose a = s - u + 18. Calculate the remainder when 67 is divided by s.
11
Let h = -12 + 23. Suppose -7*m + h*m = 48. What is the remainder when m is divided by (-6 - -5) + 14/2 + 4?
2
Suppose -6 - 10 = -4*u. Suppose -95 = -u*n - n. Calculate the remainder when 1131/21 + (-2)/(-14) is divided by n.
16
Suppose 812 = -7173*y + 7202*y. Calculate the remainder when 579 is divided by y.
19
Let f be 1*((-4)/(-5))/((-3)/(-105)). Suppose -f = -m + 2*t - 0*t, 0 = 5*m + 2*t - 188. Calculate the remainder when m is divided by 21.
15
Let a be (-1)/2 - (-5 - (-14)/4). Suppose n = 2*f + 368, 2*f - a = 3. What is the remainder when n is divided by 15?
12
Let w(n) = n**3 + n + 26. Suppose 0 = -16*i + 14 + 66. What is the remainder when -206*(i/(-15) + (-4)/24) is divided by w(0)?
25
Suppose -12210 = -4*p + 2*k, 4*k + 272 + 11940 = 4*p. What is the remainder when p is divided by 47?
44
Suppose -2*d = -36 + 32. Suppose -2*h = 3*j - h - 165, h + 115 = d*j. Suppose r - 4*l = 37, -3*r = l + j - 193. Calculate the remainder when r is divided by 17.
11
Calculate the remainder when (-18226)/(-17) - (-892)/(-7582) is divided by 38.
8
Calculate the remainder when 1082 is divided by 111 + (8/5)/((-6)/30) + 8.
83
Suppose 18*b = -5*l + 19*b + 2632, -b = -l + 532. What is the remainder when l is divided by 8?
5
Suppose -3*q + 2817 = -h, -2*q = -957*h + 954*h - 1864. What is the remainder when q is divided by 95?
86
Let v = -2971 - -3437. What is the remainder when v is divided by 12?
10
Let x(r) = 7*r**2 - 40*r - 291. Calculate the remainder when x(-15) is divided by 192.
156
What is the remainder when ((-231)/(-14) - 15)*(-3210)/(-9) is divided by 148?
91
What is the remainder when 451 is divided by 88/264 + (1 + 6/(-9))*71?
19
What is the remainder when 96 is divided by (-201)/(-3) + -17 - -16?
30
Let d be (-3)/((-316)/152 - -2). Let n = d + -35. What is the remainder when 318/12 + n/(-2) is divided by 9?
7
Let s = -2639 - -3198. Calculate the remainder when s is divided by 68.
15
Suppose 48*b - 4256 = -8*b. What is the remainder when 200 is divided by b?
48
Let p be 9 - (0 + 25)*-31. Let s = 801 - p. Calculate the remainder when 764 is divided by s.
16
Suppose 3*s + 3*d = -d + 17, 0 = 2*s + d - 13. Suppose 3*t = 19 + 5. What is the remainder when 1/((-1)/(-20)*(9 - t)) is divided by s?
6
Let z = 173 - 107. What is the remainder when (-2742)/(-4)*6/9 is divided by z?
61
Let s be (-80)/(-24)*30/25. Suppose -t = 4*m - 5*t - 80, -3*m + 25 = s*t. Calculate the remainder when (-2)/1*(-207)/6 is divided by m.
9
Let b = -1587 + 1686. What is the remainder when 437 is divided by b?
41
Suppose 1677 = -69*a + 108*a. What is the remainder when (2 + 2)*(1 + (-315)/(-6)) is divided by a?
42
Let u(i) = -i + 11. Let p = -4 + 4. What is the remainder when 40 - ((-684)/76 - (-1 - 18)) is divided by u(p)?
8
Suppose 6*x + 558 = -0*x. Let j = x - -142. What is the remainder when j is divided by 6?
1
Suppose -412 = -5*i + 528. Calculate the remainder when 24 - 0 - (-2 - -2) is divided by (-12)/(-9)*(i/16 + -2).
11
Suppose -3*n + n = -2*y + 260, 5*y = -5*n + 680. What is the remainder when y is divided by 29?
17
Suppose -2*c - 92 = -x + 15, 468 = 4*x + 2*c. Suppose h + x = 4*o, 2*o - 109 = -4*h - 29. Calculate the remainder when o is divided by 18.
12
Suppose 44 = t - a, 4*t + 559*a - 182 = 564*a. Calculate the remainder when 125 is divided by t.
11
Let m(y) be the second derivative of 46*y**3/3 - 87*y**2/2 + 9*y + 1. Calculate the remainder when m(2) is divided by 25.
22
Suppose -790*i - 6147 = -799*i. What is the remainder when i is divided by 86?
81
Suppose -48*y + 3337 = 2185. What is the remainder when 10079 is divided by y?
23
Let t(o) = 5*o**2 - 15*o - 11. Calculate the remainder when 466 is divided by t(-3).
71
Let z(b) = -b**2 - 7*b + 4. What is the remainder when (265/3)/((-35)/(-21)) is divided by z(-6)?
3
Let n(w) = -w**3 + 10*w**2 + 3*w - 129. What is the remainder when n(8) is divided by 17?
6
Let m = -1914 + 3275. What is the remainder when m is divided by 47?
45
Let z(d) be the first derivative of 5*d**3/3 - 9*d**2/2 - 23*d - 186. What is the remainder when 40 is divided by z(-2)?
10
Let p(v) = 670*v + 801. What is the remainder when p(2) is divided by 51?
50
Suppose 1515 = 5*s - c, 289 = 2*s - s - 3*c. Calculate the remainder when 138 is divided by ((-4)/((-24)/33))/(38/s).
6
Let g(j) = 12*j + 77. Let o be g(-6). Suppose -o*a + 88 = r - 4*r, -4*a = -3*r - 71. Calculate the remainder when 2 + -1 + 41 - -2 is divided by a.
10
Let n(z) = -z**3 + 6*z**2 - 3*z - 4. Let s = -35358 + 35367. What is the remainder when n(4) is divided by s?
7
Let g(j) be the first derivative of 2*j**3/3 - 9*j**2/2 - 12*j + 34. Let c be g(6). What is the remainder when c/(-3) + 65 - 6/(-3) is divided by 33?
32
Suppose -21 = -3*l + 4*l. Let q = l - -59. Suppose 13799 = -90*f - 67*f + 37506. Calculate the remainder when f is divided by q.
37
Let o(q) be the third derivative of q**5/30 - 5*q**4/6 + q**3 + 120*q**2. Calculate the remainder when 98 is divided by o(11).
14
Let z = -29 + 31. Let r be (2 - -1*(1 + z)) + -1. Suppose 36 = n - 3*b + 8, -r*b - 12 = 0. Calculate the remainder when n is divided by 4.
3
Let n(y) = -210*y + 1346. Let w(b) = -b**3 - 8*b**2 - 9*b + 3. Calculate the remainder when n(5) is divided by w(-8).
71
Let l(w) = 2*w**2 + 44*w + 209. Let u(z) be the third derivative of 3*z**4/8 + z**3 - 7*z**2. Calculate the remainder when l(-18) is divided by u(3).
32
Suppose -222 = -z + x, -5*z + 1106 = -47*x + 46*x. What is the remainder when z is divided by 44?
1
Let t = -42098 + 44705. What is the remainder when t is divided by 16?
15
Let s = -1383 + 1427. Calculate the remainder when s is divided by 36.
8
Suppose -17*z + 12*z + 95 = 0. Let o = -64 + 121. Suppose -o = -i - a, -i - 2*i + 163 = -a. What is the remainder when i is divided by z?
17
Suppose -5*f + 6*q + 2980 = 11*q, -3*f - 2*q = -1794. Calculate the remainder when 603 is divided by f.
1
Suppose 4*p + 87 = -3*g, -p - 4*p + g - 85 = 0. What is the remainder when p - 1104/(-60) - 1623/(-5) is divided by 11?
6
Calculate the remainder when 942 is divided by 48/(-32)*64/(-6)*1.
14
Let m be 96 + ((-12)/2 - 5). Suppose 3*c + 4*f - 29 = 0, 0 = c - 2*f - 1 - 2. What is the remainder when m/((-270)/(-54) - 5/2) is divided by c?
6
Let j = 120 - 109. Let i be (0 - 0)/(1 + 0). Suppose i*t - 4*t + 12 = 4*z, -2*t - z = -j. What is the remainder when 30 is divided by t?
6
Let k(t) = -9*t**3 + 9*t**2 + 18*t - 19. Calculate the remainder when k(-7) is divided by 9.
8
Suppose 314*y - 326*y + 276 = 0. What is the remainder when 332 is divided by y?
10
Let l = -330 - -382. Suppose -2*u + 68 = -u. Suppose 4*q + 12 = u. Calculate the remainder when l is divided by q.
10
Let m = 1 + -9. Let z be -8 - (1 - 18/9)*-182. Calculate the remainder when z/(-8) + (-10)/m is divided by 14.
11
Let l(h) = -2*h**3 + 123*h - 38. Calculate the remainder when l(7) is divided by 92.
45
What is the remainder when ((426/(-15))/(52/910))/(1/(-1)) is divided by 157?
26
Let k = 2944 - 2880. Calculate the remainder when k is divided by 62.
2
Suppose 0 = -3*p - o - 0*o + 107, 3*p = -3*o + 99. Let y = 4 - 2. Suppose -y*b = -96 - 46. What is the remainder when b is divided by p?
34
Let k(r) = -2*r**2 - 106*r + 3555. What is the remainder when k(0) is divided by 1184?
3
Let y(r) = -r**3 - 7*r**2 - 138*r - 1441. Calculate the remainder when y(-12) is divided by 80.
55
Let g be -1*(35 - (-3 - 2)) + 0. Let w = 50 + -27. Let f = w - g. Calculate the remainder when f is divided by 17.
12
Let 